{"id":91,"date":"2017-11-18T21:21:45","date_gmt":"2017-11-18T21:21:45","guid":{"rendered":"http:\/\/sv-rhade.de\/?page_id=91"},"modified":"2024-06-27T15:41:19","modified_gmt":"2024-06-27T13:41:19","slug":"unsere-uebungsleiter","status":"publish","type":"page","link":"https:\/\/sv-rhade.de\/?page_id=91","title":{"rendered":"Unsere \u00dcbungsleiter"},"content":{"rendered":"<hr \/>\n<h2>Heinz Gladen<strong><br \/>\n<\/strong><\/h2>\n<ul>\n<li>Vinyasa Yogalehrer<\/li>\n<\/ul>\n<hr \/>\n<h2>Britta Sichmann<\/h2>\n<ul>\n<li>Physiotherapeutin<\/li>\n<\/ul>\n<hr \/>\n<h2>Maik Walpuski<\/h2>\n<ul>\n<li>C-Trainer Basketball (Westdeutscher Basketball Verband)<\/li>\n<li>C-Schiedsrichter Basketball (Westdeutscher Basketball Verband)<\/li>\n<li>C-\u00dcbungsleiter Breitensport (LSB NRW)<\/li>\n<li>B-\u00dcbungsleiter Pr\u00e4ventionssport &#8211; Herz-Kreislauf-System (LSB NRW) inkl. Zertifikat DOSB-Masterprogramm &#8222;Pr\u00e4ventives Ausdauertraining&#8220;<\/li>\n<li>B-\u00dcbungsleiter Pr\u00e4ventionssport &#8211; Haltung und Bewegung (LSB NRW) inkl. Zertifikat DOSB-Masterprogramm &#8222;Haltung und Bewegung durch Ganzk\u00f6rpertraining&#8220;<\/li>\n<li>A-Lizenz Fitnesstrainer (inkl. B-Fitnesstrainer | Personal Trainer | Medical Fitness Trainer) (<a href=\"https:\/\/de.wikipedia.org\/wiki\/Europ%C3%A4ischer_Qualifikationsrahmen\" target=\"_blank\" rel=\"noopener noreferrer\">EQR Level 4<\/a>)<\/li>\n<li>Zertifikate &#8222;Krankheitsbilder im Gesundheitssport&#8220; (<a href=\"https:\/\/www.dqr.de\/content\/2334.php\" target=\"_blank\" rel=\"noopener noreferrer\">DQR Level 4<\/a>) und &#8222;Diagnostik und Testverfahren im Gesundheitssport&#8220; (<a href=\"https:\/\/www.dqr.de\/content\/2334.php\" target=\"_blank\" rel=\"noopener noreferrer\">DQR Level 4<\/a>)<\/li>\n<li>Ern\u00e4hrungsberater (<a href=\"https:\/\/de.wikipedia.org\/wiki\/Europ%C3%A4ischer_Qualifikationsrahmen\" target=\"_blank\" rel=\"noopener noreferrer\">EQR Level 3<\/a>)<\/li>\n<li>Blackroll-Coach (Blackroll Trainer | Blackroll Correctives)<\/li>\n<li>Blackroll Regeneration Expert<br \/>\n<hr \/>\n<\/li>\n<\/ul>\n<h2>Silke Walpuski<\/h2>\n<ul>\n<li>C-Fitnesstrainerin<\/li>\n<\/ul>\n","protected":false},"excerpt":{"rendered":"<p>Heinz Gladen Vinyasa Yogalehrer Britta Sichmann Physiotherapeutin Maik Walpuski C-Trainer Basketball (Westdeutscher Basketball Verband) C-Schiedsrichter Basketball (Westdeutscher Basketball Verband) C-\u00dcbungsleiter Breitensport (LSB NRW) B-\u00dcbungsleiter Pr\u00e4ventionssport &#8211; Herz-Kreislauf-System (LSB NRW) inkl. Zertifikat DOSB-Masterprogramm &#8222;Pr\u00e4ventives Ausdauertraining&#8220; B-\u00dcbungsleiter Pr\u00e4ventionssport &#8211; Haltung und Bewegung (LSB NRW) inkl. Zertifikat DOSB-Masterprogramm &#8222;Haltung und Bewegung durch Ganzk\u00f6rpertraining&#8220; A-Lizenz Fitnesstrainer (inkl. B-Fitnesstrainer | [&hellip;]<\/p>\n","protected":false},"author":1,"featured_media":0,"parent":0,"menu_order":0,"comment_status":"closed","ping_status":"closed","template":"","meta":{"_regular_price":[],"currency_symbol":[],"pmpro_default_level":"","footnotes":""},"class_list":["post-91","page","type-page","status-publish","hentry","pmpro-has-access"],"post_slider_layout_featured_media_urls":{"thumbnail":"","post_slider_layout_landscape_large":"","post_slider_layout_portrait_large":"","post_slider_layout_square_large":"","post_slider_layout_landscape":"","post_slider_layout_portrait":"","post_slider_layout_square":"","full":""},"_links":{"self":[{"href":"https:\/\/sv-rhade.de\/index.php?rest_route=\/wp\/v2\/pages\/91","targetHints":{"allow":["GET"]}}],"collection":[{"href":"https:\/\/sv-rhade.de\/index.php?rest_route=\/wp\/v2\/pages"}],"about":[{"href":"https:\/\/sv-rhade.de\/index.php?rest_route=\/wp\/v2\/types\/page"}],"author":[{"embeddable":true,"href":"https:\/\/sv-rhade.de\/index.php?rest_route=\/wp\/v2\/users\/1"}],"replies":[{"embeddable":true,"href":"https:\/\/sv-rhade.de\/index.php?rest_route=%2Fwp%2Fv2%2Fcomments&post=91"}],"version-history":[{"count":25,"href":"https:\/\/sv-rhade.de\/index.php?rest_route=\/wp\/v2\/pages\/91\/revisions"}],"predecessor-version":[{"id":658,"href":"https:\/\/sv-rhade.de\/index.php?rest_route=\/wp\/v2\/pages\/91\/revisions\/658"}],"wp:attachment":[{"href":"https:\/\/sv-rhade.de\/index.php?rest_route=%2Fwp%2Fv2%2Fmedia&parent=91"}],"curies":[{"name":"wp","href":"https:\/\/api.w.org\/{rel}","templated":true}]}}